{"id":891,"date":"2026-02-02T11:00:47","date_gmt":"2026-02-02T11:00:47","guid":{"rendered":"https:\/\/rb-pro.pl\/online\/?page_id=891"},"modified":"2026-02-02T11:01:32","modified_gmt":"2026-02-02T11:01:32","slug":"grupa-superwizyjna-poniedzialki-rano-2026-2027","status":"publish","type":"page","link":"https:\/\/rb-pro.pl\/online\/grupa-superwizyjna-poniedzialki-rano-2026-2027\/","title":{"rendered":"Grupa superwizyjna (poniedzia\u0142ki rano 2026-2027)"},"content":{"rendered":"\n[et_pb_section fb_built=&#8221;1&#8243; admin_label=&#8221;Feature Section&#8221; _builder_version=&#8221;4.16&#8243; custom_margin=&#8221;|||&#8221; custom_padding=&#8221;109px||1px|||&#8221; global_colors_info=&#8221;{}&#8221; theme_builder_area=&#8221;post_content&#8221;][et_pb_row column_structure=&#8221;1_2,1_2&#8243; use_custom_gutter=&#8221;on&#8221; gutter_width=&#8221;4&#8243; admin_label=&#8221;Feature&#8221; module_class=&#8221; et_pb_row_fullwidth&#8221; _builder_version=&#8221;4.16&#8243; width=&#8221;86%&#8221; width_tablet=&#8221;80%&#8221; width_phone=&#8221;80%&#8221; width_last_edited=&#8221;on|desktop&#8221; max_width=&#8221;86%&#8221; max_width_tablet=&#8221;80%&#8221; max_width_phone=&#8221;80%&#8221; max_width_last_edited=&#8221;on|desktop&#8221; custom_padding=&#8221;40px||40px|&#8221; make_fullwidth=&#8221;on&#8221; global_colors_info=&#8221;{}&#8221; theme_builder_area=&#8221;post_content&#8221;][et_pb_column type=&#8221;1_2&#8243; _builder_version=&#8221;4.16&#8243; background_color_gradient_start=&#8221;#fcd21d&#8221; background_color_gradient_end=&#8221;#fcd21d&#8221; custom_padding=&#8221;|||&#8221; global_colors_info=&#8221;{}&#8221; custom_padding__hover=&#8221;|||&#8221; theme_builder_area=&#8221;post_content&#8221;][et_pb_image src=&#8221;https:\/\/rb-pro.pl\/online\/wp-content\/uploads\/2021\/12\/home-office-07-1.png&#8221; force_fullwidth=&#8221;on&#8221; align_tablet=&#8221;center&#8221; align_phone=&#8221;center&#8221; align_last_edited=&#8221;on|desktop&#8221; _builder_version=&#8221;4.16&#8243; custom_margin=&#8221;|||&#8221; animation_style=&#8221;slide&#8221; animation_direction=&#8221;right&#8221; animation_intensity_slide=&#8221;8%&#8221; animation_starting_opacity=&#8221;100%&#8221; global_colors_info=&#8221;{}&#8221; theme_builder_area=&#8221;post_content&#8221;][\/et_pb_image][\/et_pb_column][et_pb_column type=&#8221;1_2&#8243; _builder_version=&#8221;4.16&#8243; background_color=&#8221;#FFFFFF&#8221; custom_padding=&#8221;7%||7%|&#8221; global_colors_info=&#8221;{}&#8221; custom_padding__hover=&#8221;|||&#8221; theme_builder_area=&#8221;post_content&#8221;][et_pb_text _builder_version=&#8221;4.16&#8243; text_font=&#8221;||||||||&#8221; header_font=&#8221;Montserrat|700||on|||||&#8221; header_text_align=&#8221;center&#8221; header_text_color=&#8221;#f7f7f7&#8243; header_font_size=&#8221;27px&#8221; header_line_height=&#8221;1.3em&#8221; custom_margin=&#8221;||40px|&#8221; animation_style=&#8221;fade&#8221; header_font_size_last_edited=&#8221;off|desktop&#8221; locked=&#8221;off&#8221; global_colors_info=&#8221;{}&#8221; theme_builder_area=&#8221;post_content&#8221;]<h1><\/h1>\n<h1><span style=\"color: #f72a2a;\">grupa superwizyjna ONLINE<br \/>marzec 2026 &#8211; luty 2027<br \/>(spotkania w poniedzia\u0142ki rano 10:00-13:00)<\/span><\/h1>\n<p><span style=\"color: #f72a2a;\"><\/span><\/p>\n<p>&nbsp;<\/p>\n<p>Prowadz\u0105ce:<br \/>Agnieszka STEIN<br \/>Gosia STA\u0143CZYK<span style=\"color: #f72a2a;\"><\/span><\/p>\n<p>&nbsp;<\/p>\n<p>&nbsp;<\/p>\n<p><span style=\"color: #f72a2a;\"><\/span><\/p>\n<p><span style=\"color: #353740;\"><\/span><\/p>[\/et_pb_text][et_pb_text _builder_version=&#8221;4.16&#8243; text_font=&#8221;Montserrat||||&#8221; text_text_color=&#8221;#353740&#8243; text_font_size=&#8221;20px&#8221; text_line_height=&#8221;1.8em&#8221; header_font=&#8221;||||||||&#8221; width=&#8221;100%&#8221; custom_margin=&#8221;||50px|&#8221; animation_style=&#8221;slide&#8221; animation_direction=&#8221;top&#8221; animation_intensity_slide=&#8221;17%&#8221; locked=&#8221;off&#8221; global_colors_info=&#8221;{}&#8221; theme_builder_area=&#8221;post_content&#8221;]<p>Zapraszamy do udzia\u0142u w comiesi\u0119cznych spotkaniach grupy superwizyjnej dla szerokiej grupy specjalist\u00f3w, pracuj\u0105cych w r\u00f3\u017cnych zawodach, kt\u00f3rzy chc\u0105 przygl\u0105da\u0107 si\u0119 z nami swojej pracy.<\/p>\n<p>&nbsp;<\/p>\n<p>Czas trwania: 3 godziny, w godzinach 10:00-13:00<br \/>Forma: online na platformie ZOOM<br \/>Okres: 10 miesi\u0119cy (10 spotka\u0144)<\/p>\n<p>Daty:<\/p>\n<p>9.03.2026 (poniedzia\u0142ek)<br \/>13.04.2026 (poniedzia\u0142ek)<br \/>18.05.2026 (poniedzia\u0142ek)<br \/>15.06.2026 (poniedzia\u0142ek)<br \/><strong>Lipiec-Sierpie\u0144 przerwa wakacyjna &#8211; bez spotka\u0144.<\/strong><br \/>14.09.2026 (poniedzia\u0142ek)<br \/>12.10.2026 (poniedzia\u0142ek)<br \/>23.11.2026 (poniedzia\u0142ek)<br \/>14.12.2026 (poniedzia\u0142ek)<br \/>11.01.2027 (poniedzia\u0142ek)<br \/>22.02.2027 (poniedzia\u0142ek)<\/p>\n<p>Prowadz\u0105ce: Agnieszka Stein i Gosia Sta\u0144czyk<br \/>Liczebno\u015b\u0107 grupy: 8-11 os\u00f3b.<br \/>Koszt udzia\u0142u: 2000 z\u0142 (200 z\u0142 za ka\u017cde spotkanie).<\/p>\n<p>Kupujesz dost\u0119p do ca\u0142ego cyklu 10 spotka\u0144. Nie ma mo\u017cliwo\u015bci wzi\u0119cia udzia\u0142u w pojedynczym spotkaniu. Nie przewidujemy p\u0142atno\u015bci ratalnej.<\/p>\n<p><strong>Jak wygl\u0105da proces zapisu do grupy superwizyjnej?<\/strong><\/p>\n<p>1.\u00a0<strong>Wype\u0142nienie formularza<\/strong><br \/>W celu zakwalifikowania do grupy, zainteresowane osoby prosimy o <strong>wype\u0142nienie formularza zapisu<\/strong>. Zale\u017cy nam, \u017ceby dobra\u0107 grup\u0119 tak, by\u015bmy mog\u0142y wyj\u015b\u0107 naprzeciw potrzebom uczestnik\u00f3w.<\/p>\n<p>2.\u00a0<strong>Informacja o kwalifikacji<\/strong><br \/>Jak tylko zbierze si\u0119 grupa, b\u0119dziemy prze\u015blemy informacj\u0119 o kwalifikacji wraz z pe\u0142n\u0105 list\u0105 Uczestnik\u00f3w (imiona i nazwiska).<\/p>\n<p>3.\u00a0<strong>Weryfikacja konfliktu interes\u00f3w<\/strong><\/p>\n<p>Ze wzgl\u0119du na to, \u017ce w grupie superwizyjnej wa\u017cna jest poufno\u015b\u0107, lista imion i nazwisk zostanie przes\u0142ana wszystkim Uczestnikom grupy superwizyjnej. <span style=\"font-size: 20px;\">Poprosimy wtedy o to, \u017ceby sprawdzi\u0107, czy z \u017cadnym z Uczestnik\u00f3w <span>nie wyst\u0119puje konflikt interes\u00f3w uniemo\u017cliwiaj\u0105cy Wasze uczestnictwo w grupie.<\/span><\/span><\/p>\n<p><strong><\/strong><\/p>\n<p>4.\u00a0<strong>P\u0142atno\u015b\u0107<\/strong><strong><\/strong><\/p>\n<p><span style=\"font-size: 20px;\">Termin p\u0142atno\u015bci: 28.02.2026.<br \/>Koszt: 2000 z\u0142.<br \/>Nie przewidujemy p\u0142atno\u015bci ratalnej.<\/span><\/p>\n<p>&nbsp;<\/p>\n<p>Minimalna liczba Uczestnik\u00f3w: 8<span style=\"color: #e02b20;\"><strong><\/strong><\/span><\/p>\n<p><span style=\"font-size: 20px;\">Na zg\u0142oszenia czekamy do: 23.02.2026<\/span><\/p>[\/et_pb_text][et_pb_button button_url=&#8221;https:\/\/forms.gle\/PUbLdGvRcXcH1noX8&#8243; button_text=&#8221;Wype\u0142nij formularz&#8221; _builder_version=&#8221;4.27.5&#8243; _module_preset=&#8221;default&#8221; custom_button=&#8221;on&#8221; button_text_size=&#8221;25px&#8221; button_bg_color=&#8221;#FFFFFF&#8221; global_colors_info=&#8221;{}&#8221; theme_builder_area=&#8221;post_content&#8221;][\/et_pb_button][\/et_pb_column][\/et_pb_row][\/et_pb_section]\n","protected":false},"excerpt":{"rendered":"<p>grupa superwizyjna ONLINEmarzec 2026 &#8211; luty 2027(spotkania w poniedzia\u0142ki rano 10:00-13:00) &nbsp; Prowadz\u0105ce:Agnieszka STEINGosia STA\u0143CZYK &nbsp; &nbsp; Zapraszamy do udzia\u0142u w comiesi\u0119cznych spotkaniach grupy superwizyjnej dla szerokiej grupy specjalist\u00f3w, pracuj\u0105cych w r\u00f3\u017cnych zawodach, kt\u00f3rzy chc\u0105 przygl\u0105da\u0107 si\u0119 z nami swojej pracy. &nbsp; Czas trwania: 3 godziny, w godzinach 10:00-13:00Forma: online na platformie ZOOMOkres: 10 miesi\u0119cy [&hellip;]<\/p>\n","protected":false},"author":1,"featured_media":0,"parent":0,"menu_order":0,"comment_status":"closed","ping_status":"closed","template":"page-template-blank.php","meta":{"_et_pb_use_builder":"on","_et_pb_old_content":"","_et_gb_content_width":"","_monsterinsights_skip_tracking":false,"_monsterinsights_sitenote_active":false,"_monsterinsights_sitenote_note":"","_monsterinsights_sitenote_category":0,"footnotes":""},"class_list":["post-891","page","type-page","status-publish","hentry"],"_links":{"self":[{"href":"https:\/\/rb-pro.pl\/online\/wp-json\/wp\/v2\/pages\/891","targetHints":{"allow":["GET"]}}],"collection":[{"href":"https:\/\/rb-pro.pl\/online\/wp-json\/wp\/v2\/pages"}],"about":[{"href":"https:\/\/rb-pro.pl\/online\/wp-json\/wp\/v2\/types\/page"}],"author":[{"embeddable":true,"href":"https:\/\/rb-pro.pl\/online\/wp-json\/wp\/v2\/users\/1"}],"replies":[{"embeddable":true,"href":"https:\/\/rb-pro.pl\/online\/wp-json\/wp\/v2\/comments?post=891"}],"version-history":[{"count":3,"href":"https:\/\/rb-pro.pl\/online\/wp-json\/wp\/v2\/pages\/891\/revisions"}],"predecessor-version":[{"id":897,"href":"https:\/\/rb-pro.pl\/online\/wp-json\/wp\/v2\/pages\/891\/revisions\/897"}],"wp:attachment":[{"href":"https:\/\/rb-pro.pl\/online\/wp-json\/wp\/v2\/media?parent=891"}],"curies":[{"name":"wp","href":"https:\/\/api.w.org\/{rel}","templated":true}]}}